en 1608 is divided by 172.
60
What is the remainder when 1467 is divided by 42?
39
Calculate the remainder when 2506 is divided by 13.
10
Calculate the remainder when 1175 is divided by 28.
27
What is the remainder when 485 is divided by 164?
157
Calculate the remainder when 636 is divided by 19.
9
Calculate the remainder when 79 is divided by 45.
34
Calculate the remainder when 563 is divided by 29.
12
Calculate the remainder when 2163 is divided by 181.
172
Calculate the remainder when 1299 is divided by 430.
9
What is the remainder when 823 is divided by 103?
102
Calculate the remainder when 659 is divided by 39.
35
What is the remainder when 961 is divided by 100?
61
What is the remainder when 832 is divided by 310?
212
What is the remainder when 66 is divided by 26?
14
Calculate the remainder when 89 is divided by 75.
14
What is the remainder when 49 is divided by 19?
11
Calculate the remainder when 373 is divided by 23.
5
Calculate the remainder when 92 is divided by 54.
38
What is the remainder when 339 is divided by 57?
54
What is the remainder when 177 is divided by 20?
17
What is the remainder when 1255 is divided by 133?
58
What is the remainder when 215 is divided by 13?
7
Calculate the remainder when 69 is divided by 38.
31
Calculate the remainder when 9429 is divided by 5.
4
What is the remainder when 522 is divided by 21?
18
Calculate the remainder when 42 is divided by 20.
2
What is the remainder when 271 is divided by 16?
15
Calculate the remainder when 510 is divided by 40.
30
What is the remainder when 1067 is divided by 44?
11
Calculate the remainder when 361 is divided by 191.
170
Calculate the remainder when 48 is divided by 18.
12
Calculate the remainder when 10469 is divided by 28.
25
Calculate the remainder when 803 is divided by 26.
23
What is the remainder when 277 is divided by 273?
4
Calculate the remainder when 15076 is divided by 26.
22
What is the remainder when 152 is divided by 14?
12
Calculate the remainder when 10638 is divided by 7.
5
Calculate the remainder when 412 is divided by 395.
17
Calculate the remainder when 623 is divided by 225.
173
Calculate the remainder when 2186 is divided by 11.
8
What is the remainder when 17853 is divided by 62?
59
What is the remainder when 5563 is divided by 11?
8
What is the remainder when 508 is divided by 103?
96
What is the remainder when 89 is divided by 72?
17
Calculate the remainder when 658 is divided by 31.
7
What is the remainder when 3717 is divided by 20?
17
What is the remainder when 302 is divided by 11?
5
Calculate the remainder when 615 is divided by 305.
5
Calculate the remainder when 1282 is divided by 213.
4
What is the remainder when 423 is divided by 212?
211
What is the remainder when 141 is divided by 29?
25
Calculate the remainder when 1036 is divided by 133.
105
Calculate the remainder when 646 is divided by 108.
106
Calculate the remainder when 86 is divided by 46.
40
Calculate the remainder when 74 is divided by 19.
17
Calculate the remainder when 16317 is divided by 20.
17
What is the remainder when 1945 is divided by 25?
20
What is the remainder when 584 is divided by 88?
56
What is the remainder when 215 is divided by 54?
53
What is the remainder when 3743 is divided by 75?
68
Calculate the remainder when 4340 is divided by 13.
11
What is the remainder when 1631 is divided by 416?
383
What is the remainder when 68 is divided by 14?
12
What is the remainder when 145 is divided by 32?
17
Calculate the remainder when 157 is divided by 30.
7
Calculate the remainder when 295 is divided by 159.
136
Calculate the remainder when 137 is divided by 12.
5
Calculate the remainder when 189 is divided by 19.
18
What is the remainder when 952 is divided by 54?
34
What is the remainder when 686 is divided by 357?
329
What is the remainder when 98 is divided by 14?
0
Calculate the remainder when 95 is divided by 23.
3
What is the remainder when 1484 is divided by 16?
12
What is the remainder when 1377 is divided by 198?
189
Calculate the remainder when 4770 is divided by 62.
58
What is the remainder when 857 is divided by 3?
2
Calculate the remainder when 17576 is divided by 15.
11
Calculate the remainder when 77 is divided by 23.
8
Calculate the remainder when 267 is divided by 8.
3
What is the remainder when 907 is divided by 26?
23
Calculate the remainder when 677 is divided by 77.
61
What is the remainder when 1438 is divided by 358?
6
Calculate the remainder when 2696 is divided by 25.
21
Calculate the remainder when 148 is divided by 27.
13
What is the remainder when 190 is divided by 5?
0
Calculate the remainder when 312 is divided by 9.
6
What is the remainder when 219 is divided by 36?
3
What is the remainder when 293 is divided by 75?
68
Calculate the remainder when 127 is divided by 16.
15
Calculate the remainder when 10682 is divided by 3555.
17
What is the remainder when 104 is divided by 57?
47
What is the remainder when 459 is divided by 79?
64
Calculate the remainder when 77 is divided by 28.
21
What is the remainder when 5 is divided by 2?
1
Calculate the remainder when 22 is divided by 21.
1
What is the remainder when 1769 is divided by 9?
5
Calculate the remainder when 785 is divided by 88.
81
What is the remainder when 767 is divided by 10?
7
What is the remainder when 249 is divided by 39?
15
Calculate the remainder when 147 is divided by 131.
16
What is the remainder when 534 is divided by 253?
28
Calculate the remainder when 1226 is divided by 141.
98
Calculate the remainder when 72 is divided by 46.
26
What is the remainder when 2672 is divided by 111?
8
Calculate the remainder when 212 is divided by 34.
8
What is the remainder when 406 is divided by 241?
165
What is the remainder when 505 is divided by 99?
10
What is the remainder when 3973 is divided by 14?
11
What is the remainder when 632 is divided by 12?
8
What is the remainder when 247 is divided by 225?
22
Calculate the remainder when 43 is divided by 32.
11
What is the remainder when 339 is divided by 23?
17
What is the remainder when 2344 is divided by 465?
19
What is the remainder when 2508 is divided by 148?
140
Calculate the remainder when 16 is divided by 3.
1
What is the remainder when 2502 is divided by 15?
12
What is the remainder when 147 is divided by 37?
36
What is the remainder when 1738 is divided by 30?
28
What is the remainder when 3081 is divided by 140?
1
What is the remainder when 299 is divided by 24?
11
What is the remainder when 804 is divided by 23?
22
Calculate the remainder when 2193 is divided by 437.
8
Calculate the remainder when 121 is divided by 43.
35
Calculate the remainder when 276 is divided by 9.
6
Calculate the remainder when 1101 is divided by 6.
3
What is the remainder when 2331 is divided by 394?
361
What is the remainder when 98 is divided by 74?
24
What is the remainder when 1403 is divided by 27?
26
What is the remainder when 491 is divided by 483?
8
What is the remainder when 1343 is divided by 421?
80
Calculate the remainder when 338 is divided by 82.
10
What is the remainder when 38 is divided by 13?
12
What is the remainder when 1245 is divided by 14?
13
What is the remainder when 782 is divided by 14?
12
Calculate the remainder when 42302 is divided by 4.
2
Calculate the remainder when 357 is divided by 169.
19
Calculate the remainder when 93 is divided by 33.
27
Calculate the remainder when 893 is divided by 41.
32
What is the remainder when 79 is divided by 36?
7
Calculate the remainder when 122 is divided by 35.
17
Calculate the remainder when 208 is divided by 35.
33
What is the remainder when 269 is divided by 21?
17
Calculate the remainder when 10 is divided by 5.
0
What is the remainder when 5937 is divided by 11?
8
What is the remainder when 1097 is divided by 69?
62
What is the remainder when 4674 is divided by 14?
12
What is the remainder when 66 is divided by 18?
12
Calculate the remainder when 118 is divided by 19.
4
What is the remainder when 111 is divided by 32?
15
What is the remainder when 40 is divided by 6?
4
Calculate the remainder when 1302 is divided by 221.
197
What is the remainder when 247 is divided by 36?
31
Calculate the remainder when 217 is divided by 10.
7
What is the remainder when 749 is divid